e -5 + (1 + 1 - (-9 + 10)).
-4
Evaluate (2 - (5 + -9)) + (1 - 3).
4
What is the value of -21 + 25 - (6 + 1 + -1)?
-2
4 + -9 + 10 + -6
-1
What is 2 - (-3 + 1) - (-3 - -3)?
4
Calculate (-1 - 0 - (-2 - -4)) + 7.
4
Evaluate -9 - (-9 - (-9 + 8)).
-1
Calculate -5 - (2 + -5 - (0 - 2)).
-4
What is 3 + (3 - 3) + 0 + -2?
1
Calculate 4 + (-3 - (-1 + -4)) + -1.
5
What is the value of 12 - (6 + 0 - -6)?
0
Evaluate -4 - 0 - (0 + -2).
-2
Evaluate -4 - -1 - 7 - -3 - -9.
2
2 + (-6 - -7) + 2
5
What is (-1 - 5) + (0 - -8)?
2
Calculate 15 - (8 + (-7 - (-10 + 4))).
8
Evaluate -14 + 16 + 4 + 3.
9
-7 - (-1 + 3 + -5)
-4
(-4 - (-5 - -1)) + -2
-2
Calculate (-4 - (7 + -8)) + 1 + -9.
-11
What is (3 - (4 + 2 + 1)) + 7?
3
Calculate 3 + (3 - 6 - (11 + -9)).
-2
Evaluate 58 - 62 - (-2 - -2 - -2).
-6
3 + -2 - (2 - 4)
3
What is the value of 2 - ((-3 - -8) + (3 - 4))?
-2
What is the value of 0 + 0 + (-1 - 0)?
-1
Calculate 1 + -1 + -2 - 2.
-4
3 + (-15 - (-9 + -3 + 4))
-4
Evaluate -5 + -1 + -1 - (2 + -4).
-5
What is the value of 8 + 5 + -6 - (4 + 0)?
3
3 + 2 + 1 - 10
-4
Calculate (-2 - -16) + -8 + -1.
5
Evaluate 61 + -59 - (1 - -6).
-5
Evaluate (-5 - (-8 + 4)) + (1 - -5).
5
What is -3 + (3 - (10 - 5))?
-5
What is the value of 1 - (2 + 0 - (-3 + 2))?
-2
Evaluate 13 + -3 + -12 - -7.
5
What is the value of -5 - (-4 - (5 - 11))?
-7
-4 - (-7 - (-7 - 6) - 4)
-6
Calculate 5 - (-1 + 3 - -2).
1
What is (-3 - -4) + -2 - 1?
-2
Calculate 1 - -3 - (12 + -13).
5
Evaluate 1 + 1 + -3 - (4 + -7).
2
What is 7 + 0 - (-14 + 21)?
0
What is 0 + -1 + 1 + -15 + 14?
-1
Calculate 13 + -5 + -1 + -1.
6
Calculate 4 - 1 - (246 + -239).
-4
Evaluate -12 + (-6 + 13 - 0).
-5
Calculate -3 + -5 + 1 + -1.
-8
What is the value of 7 - (8 + -4 + -1)?
4
Calculate (-5 - 1) + (0 - -5).
-1
(-1 - 4) + 1 + 0
-4
What is -9 + (-3 - -6) + 16 + -3?
7
What is the value of 20 + -26 + -4 + 2?
-8
Evaluate (-1 - (-3 - -7)) + 9.
4
What is the value of (2 - (1 + 4)) + 7?
4
What is -8 + 0 - (12 + -16) - -3?
-1
What is -3 + 2 + 1 + -1 - 1?
-2
What is -11 + 12 + (1 - 6) - -9?
5
Calculate (3 - 2) + 0 - 2 - -6.
5
Calculate 9 - (9 - (-3 - -8)) - -1.
6
What is 4 - ((0 - -3) + -3) - 4?
0
-4 + (4 - (13 - 3))
-10
What is the value of 6 + -5 + 10 + -5?
6
-2 + 0 - (0 - -3)
-5
Calculate 1 - (-5 + 11) - (-1 + -2).
-2
1 + (-2 - -1 - -3)
3
(4 - 6) + 10 - 11
-3
Calculate (3 - 3 - 1 - -5) + -3.
1
Evaluate (-2 - -2 - 4) + 0.
-4
What is 7 - (2 - (-3 - -3 - 1))?
4
Calculate 5 + (-15 - -2) + 4.
-4
Evaluate (1 - 3) + -12 + (5 - -9).
0
Evaluate 3 - (0 - (-1 + -1) - 0).
1
-5 - 1 - -2 - (-4 - -2)
-2
What is the value of 6 + -3 + -5 + 3 + 0?
1
Evaluate -5 + 5 + 1 - 0.
1
Calculate (5 + -1 - 4 - 3) + 5.
2
Calculate (-8 - -6) + -2 + 0.
-4
What is the value of -7 + 2 - (8 + -9)?
-4
Calculate (-7 - (1 - 7)) + 2 + -4.
-3
What is the value of (13 - 11) + -3 + 0 + 0?
-1
Evaluate -1 - -1 - (2 + 1) - -12.
9
What is the value of (8 - 10) + 2 - (-2 + 1)?
1
Calculate (15 - 10) + (0 - -2).
7
18 - 17 - (0 + 0)
1
-1 + -3 - (-14 - (-8 - -1))
3
Calculate 0 - -2 - (11 + (-32 - -17)).
6
Calculate -6 + 2 + (-2 - -7).
1
What is the value of (14 - (11 + 0)) + -1?
2
What is 11 + (-10 - (-7 - -7))?
1
What is the value of -10 + 0 + (102 - 96)?
-4
(-13 - -18) + -6 + -2 + -7
-10
-2 + 6 + -7 + 5
2
Calculate 1 + (-4 - -7 - 9) + 0.
-5
Evaluate 2 + -8 + 3 + 2.
-1
(-1 - (2 + -3 - 0)) + -2
-2
What is the value of 0 - ((3 - 6 - -6) + 2)?
-5
Calculate 31 + -32 - (-1 - -2 - 6).
4
(3 + -5 - -4 - -2) + -4
0
-3 + -5 + 0 + (7 - 3)
-4
Calculate 3 + -4 + -1 - -3.
1
What is the value of (14 + 4 - 17) + (2 - 1)?
2
Evaluate 10 - (15 - (-1 + 12)).
6
Calculate 6 + -10 + -1 + 7.
2
(-11 - 1) + -5 + (13 - 1)
-5
Calculate (6 - (3 - 0)) + -6 - 1.
-4
What is the value of -2 + -2 + (-1 - -3) + -3?
-5
What is (-9 - -7) + 5 + -7?
-4
What is -7 + 1 + 23 + -20?
-3
What is the value of (-4 - -1) + 3 + (-8 - -7)?
-1
Evaluate 14 - 17 - -17 - 8.
6
Evaluate -2 + 2 + 2 + -4.
-2
Calculate 4 + -3 - (1 - -2).
-2
Evaluate 3 - (-2 - (-7 - -4)).
2
What is the value of (9 - (1 - -4) - -4) + -2?
6
What is the value of 0 - 3 - (4 + -5)?
-2
Calculate 6 + 3 + (-7 - -3).
5
2 + -2 + 1 + (1 - 2)
0
Evaluate -7 - (-7 - -14 - 6).
-8
Calculate (7 - 5) + 0 - 4 - -3.
1
(4 - 7) + -6 - -6
-3
(-14 - -17) + (-4 - 1)
-2
Calculate 1 + 1 - (6 + -2).
-2
What is the value of (-3 - (-5 + 2)) + -6?
-6
Calculate (9 - -2 - (-48 + 47)) + -2.
10
What is -1 + (-7 - (2 + -4)) + 2?
-4
What is -9 + (1 - -6) - 1?
-3
What is the value of 3 - ((4 - -1) + -2 - 2)?
2
What is the value of -3 + (2 - (1 + -2))?
0
Calculate -1 + -7 - (-3 + 0).
-5
-3 + 1 + 0 + 3
1
(2 - (2 + (-3 - -1))) + -3
-1
What is the value of 0 + 0 + 4 + -1?
3
Evaluate -59 - -63 - (-1 + 3).
2
29 + -18 - (8 - -2)
1
Calculate -5 - -6 - (-2 + 1).
2
What is the value of 67 - 68 - (-1 + 0)?
0
Calculate -6 - (-3 + (3 - 6)).
0
What is the value of 5 - (-1 + -4 + 2)?
8
Calculate (0 - -2) + -2 + 11 + -9.
2
Evaluate -6 - -8 - (-1 - 2).
5
Evaluate -5 + (0 - 3) + 5.
-3
Calculate -4 + -1 + 1 - (-17 - -16).
-3
Calculate (18 - 12) + (-4 - 0) + -5.
-3
Calculate (8 - 1 - 2) + -1.
4
Evaluate 0 + 1 + 4 - 1.
4
What is 0 + (-3 - -4) - -2?
3
What is (6 - -3) + -16 + 5?
-2
(-4 - 3 - 2) + 7
-2
What is 2 - 0 - (-5 + 1 + 5)?
1
Evaluate -21 - -35 - (6 - -6).
2
Calculate (0 - 3) + 4 + 2 + -7.
-4
(-6 - -8) + 1 - 8
-5
Calculate 7 + 3 + -4 + -6.
0
What is the value of (-12 - -15) + -1 + 1?
3
Evaluate (5 - 1) + (10 - (1 + 12)).
1
What is the value of 0 + 1 - 1 - 0?
0
What is 8 + -11 + 11 - 8?
0
What is the value of 0 + 4 + (-5 - (1 + -4))?
2
Evaluate 5 + -2 + 1 + 0 + 0.
4
5 - -7 - (1 - -11)
0
Evaluate 3 + -1 - (0 + 6 - -1).
-5
Calculate -15 - (4 + -15) - -1.
-3
What is -2 + (-6 - -3) + 7 + 0?
2
Calculate 1 - 7 - (5 + -10 + 2).
-3
8 - (3 - -4) - 1
0
Evaluate (-1 - 1) + (-1 - (6 - 12)).
3
-1 + 5 + 0 + -8
-4
What is -3 - ((-1 - -6) + (13 - 16))?
-5
What is -2 - (6 - (-4 - -7))?
-5
Calculate -4 - (-1 - -1 - 4).
0
What is the value of 8 + -16 + -5 + 20?
7
Calculate 8 + 4 + -11 + (2 - -4).
7
Evaluate -5 - -9 - (20 + -11).
-5
What is -1 - -2 - (0 + 3 + 4)?
-6
Evaluate -2 + -1 + 1 + -14 + 6.
-10
Evaluate -2 + 8 + -10 + 8.
4
What is the value of 16 - 18 - (0 - 2) - -6?
6
2 + 5 + (-3 - 4) + 6
6
Evaluate 1 + (-1 + -5 - 2) - -11.
4
Calculate -1 + -1 + 0 - (-24 + 18).
4
-1 + -3 + 8 + (0 - 5)
-1
Calculate 1 + -2 + -14 + 20.
5
Calculate 4 + -11 + 1 - -3.
-3
What is 19 + -4 + -2 - (9 + -1)?
5
Calculate -5 + -5 + (1 - -6).
-3
What is 6 - (-6 - -5 - -6)?
1
What is 0 - -2 - (0 + 7)?
-5
Calculate -13 + 2 - -12 - (3 - 8).
6
What is -26 + 21 + (9 - 2)?
2
4 - 13 - (-11 + 0)
2
What is -1 - (-5 - (2 - 3))?
3
What is the value of 8 + -5 + 14 + -9?
8
Calculate -5 + 4 - (5 - 9) - -6.
9
(-15 - -10) + 6 + (0 - -1)
2
What is the value of 12 + (-23 - -8 - -2)?
-1
What is 2 + -2 - (0 - -3 - 8)?
5
What is 0 + (10 - 7) + -7?
-4
What is the value of -4 + (13 + -4 - 9)?
-4
What is 20 + -14 - (1 + (7 - -1))?
-3
Calculate 0 - (1 - (-5 - -14)) - 17.
-9
4 - 3 - 4 - -7
4
What is the value of -1 + 3 + 12 + -12?
2
Calculate 4 + (-1 - (8 - 5)) + -5.
-5
(0 - 0) + (-10 + 8 - 1)
-3
What is the value of -18 - (-2 + -13 + 4)?
-7
(-3 - -2) + 9 - (13 + -10)
5
Calculate 10 + (1 - -5) + -16.
0
What is the value of 0 + 1 + (-76 - -76)?
1
What is the value of 9 + -6 - (0 + (-1 - -1))?
3
What is the value of 5 - (9 - -2 - 6)?
0
What is the value of 0 + -3 + 2 + 0?
-1
2 + -5 + (-4 - -3)
-4
What is the value of -1 - ((-7 + 2 - -7) + -4)?
1
(-13 + 1 - (-20 - -15)) + 7
0
1 + 16 + -11 + 0
6
Calculate (4 - (-8 + 4)) + (-2 - 1).
5
Calculate -1 + -2 + (-7 - -13).
3
What is the value of 2 + (1 - 3 - (-11 + 8))?
3
What is (-15 - -18) + (-5 + -4 - -4)?
-2
Calculate 2 + 1 + 1 + 34 + -34.
4
0 - 19 - (-38 + 26)
-7
Calculate 2 + (0 - 0) + (-6 - -6).
2
Evaluate (9 - (5 + 3)) + 4 + 0.
5
What is the value of 3 + (4 - (-3 - -12)) + 3?
1
Calculate 9 + 1 - (-2 - -11).
1
Calculate 6 + -6 - (2 - -1) - -4.
1
92 + -98 - (1 + 1 - 0)
-8
14 + -3 + 8 + -5 - 5
9
What is (4 - 0) + -2 + -2 - 2?
-2
Evaluate -3 + -1 + (-2 - -3) + 7.
4
-3 - (-4 - 6) - 4 - 13
-10
5 + -4 + (-4 - -6)
3
Evaluate -2 + 10 + -15 - -13.
6
What is 1 + 0 + 1 + 3?
5
What is the value of 1 + (1 - 2) + 6 + -2?
4
What is the value of -1 - (-2 - (1 + 3)) - 0?
5
Evaluate 61 - 62 - (1 + -7 + -1).
6
3 + (0 - -1 - 1) + -3
0
Evaluate -11 + (-10 - -21) + -6